the prime factors of o?
5, 41, 101
Suppose -125 = -23*m - 10. Suppose 4 = -5*r + r, -m*r = 5*q - 1785. What are the prime factors of q?
2, 179
Let x = -304 + 508. Let p = 308 - x. Let r = 139 - p. What are the prime factors of r?
5, 7
Suppose 61*r = 69*r + 28162 - 306010. What are the prime factors of r?
3, 17, 227
Let b(p) = -p**3 + 8*p**2 - 2*p + 14841. List the prime factors of b(0).
3, 17, 97
Suppose 4946*u - 4963*u = -65739. List the prime factors of u.
3, 1289
Suppose -i = -2*v + 15 + 4, -i = v - 17. Suppose g = -g + 3*n - 9, g = 3*n - v. Suppose g*k = -3*k + 228. List the prime factors of k.
2, 19
Let c(z) = -2*z**2 - 58*z - 68. Let n be c(-28). Let o(t) = -19 + 4 + 5*t**2 + t**3 - 5*t + 2*t + 8*t**2. List the prime factors of o(n).
3, 5, 11
Let k = 399 + -640. Let s = 422 + k. What are the prime factors of s?
181
Let d(b) = 7*b**2 + 3*b + 117. Let c be d(11). Let w = c - 452. What are the prime factors of w?
5, 109
Let v(h) = 3059*h - 10158. What are the prime factors of v(17)?
5, 8369
Let i be 5*7 + 0/2. Let h = i + 97. List the prime factors of h.
2, 3, 11
Let z(j) = -j**3 + 18*j**2 - 46*j - 12. Suppose i = 5*w + 12 + 7, -3*i = -4*w - 46. What are the prime factors of z(i)?
2
Let r = 2101 - 2010. Suppose 4*x - 5*t - 14 = 0, 5*x + 0*t = -3*t + 36. Suppose 191 = x*m - r. What are the prime factors of m?
47
Suppose 0 = 4*d - v + 4*v - 22, 0 = -4*d - 5*v + 26. Suppose p - 328 = -3*r, -11*p + 434 = d*r - 9*p. List the prime factors of r.
3, 37
Let p(w) = w**3 + 16*w**2 + 18*w + 6. Suppose -5*j + 6*u = 2*u + 2, j - 3*u = -7. Let d be 13/4*(4/(-2) - j). List the prime factors of p(d).
3, 31
Let o = 50 + -74. Let u be (16/o)/(3/(-18)). Suppose k - 26 = -w, -u*w + 4 = k - 88. List the prime factors of w.
2, 11
What are the prime factors of (56/((-560)/(-87195)))/(1/4)?
2, 3, 5813
Suppose -300*g + 304*g = 5*w + 97348, -4*w = -4*g + 97352. What are the prime factors of g?
2, 3, 4057
Let o(d) = 423*d**2 - 143*d + 4. List the prime factors of o(-3).
2, 5, 53
Let x be -5*(-536)/(-20)*-1. Let t = -19 + 47. Suppose 4*c = w + 68, -4*w - t + x = 5*c. What are the prime factors of c?
2, 3
Let g = -25148 - -62464. List the prime factors of g.
2, 19, 491
Let w(u) = 66*u + 723. What are the prime factors of w(47)?
3, 5, 17
Let u(v) = -1. Let t(k) = 9*k + 4. Let x(f) = t(f) - u(f). Let h be x(-3). Let z = 11 - h. What are the prime factors of z?
3, 11
Let j(d) = 1366*d**2 + 3373*d + 1. List the prime factors of j(3).
2, 7, 1601
Let b(r) = -r**3 - 17*r**2 - 15*r - 98. Suppose -5*g = -m + 2, 4*g + 127 = -5*m + 21. List the prime factors of b(m).
2, 31
Suppose 2*q - 5*d = 33611 + 42827, 4*q = d + 152840. List the prime factors of q.
19, 2011
Let g be 106/10 - (-2)/5. Let u = 15 - g. Let m(c) = 15*c + 1. What are the prime factors of m(u)?
61
List the prime factors of 4*1913 - (62 + -51).
3, 283
Let c(r) = r**2 - 3*r + 4. Let p be c(2). Suppose 2*l + 301 = h + 2, -881 = -3*h + p*l. What are the prime factors of h?
3, 97
Suppose 12*f - 306 + 18 = 0. List the prime factors of ((-124)/6)/(1/((-1260)/f)).
5, 7, 31
Let t(l) = 15*l + 8. Let u be t(-15). Let y = u + 392. List the prime factors of y.
5, 7
Let o(m) = m**2 - 16*m - 1. Let s be o(16). Let i be s + (-2 - -2) - 0. List the prime factors of 2*(5/5 - i).
2
What are the prime factors of 963904/(19 - 3) - -22?
2, 30133
Let z(a) = 17*a + 93. Let d be (-50)/18 - 2/9. List the prime factors of z(d).
2, 3, 7
Suppose -5*w + 226*x + 198773 = 223*x, 3*x = 2*w - 79520. What are the prime factors of w?
127, 313
Suppose -381 + 125 = 4*l. Let u = l - -64. Suppose 2*v - 37 - 161 = u. List the prime factors of v.
3, 11
Let t be (4*(0 - 3))/2. List the prime factors of 18/(t/1) + 92.
89
Let i(c) = -9*c**3 - 3*c**2 + 5*c + 5. Let z(a) = a**3 + a**2 - 1. Let m(r) = i(r) + 2*z(r). What are the prime factors of m(-3)?
2, 3, 7
Let z(y) = -2*y**2 + 53*y + 89. Let r be z(28). Suppose 360 = 5*b + 5*g - 0*g, -4*b + r*g = -279. What are the prime factors of b?
71
Let n(l) be the second derivative of -l**5/4 - 3*l**4/4 - 17*l**3/3 - 4*l**2 - 6*l + 3. List the prime factors of n(-6).
2, 7, 17
Suppose 0 = -a - 3*a + 16. Suppose -a*b - 34 = -2*o + 270, 4*o + 2*b = 638. List the prime factors of o.
2, 79
Let u be (-1 + -3)/(160/(-25) - -6). Let v(r) = 11 - 26 + 6 + 18*r + u - r**2. What are the prime factors of v(13)?
2, 3, 11
Suppose -3*p + 55 = 8*p. Let n(u) = p + 13 + 0*u**2 + 9 + 22*u + u**2. What are the prime factors of n(-29)?
2, 5, 23
What are the prime factors of 10/(-8) - 5139582/(-632)?
47, 173
Suppose 6*h - 1600 = -2*h. Suppose h = j + f, -j - 188 = -2*j + 3*f. What are the prime factors of j?
197
Let n(g) = -9*g**2 + 19*g - 64. Let r be n(6). Let q = r - -450. What are the prime factors of q?
2, 11
Let t(j) be the first derivative of -11*j**2 - 8*j + 14. What are the prime factors of t(-2)?
2, 3
Suppose 2*k = i + 541, i + 0*i = k - 268. Suppose 0 = f - s - 276, 2*s = -f + 2*f - k. List the prime factors of f.
3, 31
Let f = -30855 - -65682. List the prime factors of f.
3, 13, 19, 47
Suppose -35 = -5*i + 5*n, -2*i + 4*n = -9 - 13. Suppose -i*j = -2*g - 868, -6*g - 1448 = -5*j - 2*g. List the prime factors of 40/3*-2*j/(-80).
2, 3
Let v(y) = 74*y**2 + 193*y + 3248. What are the prime factors of v(-16)?
2, 3, 199
What are the prime factors of (-6480)/(-6) + (1 - 9)?
2, 67
Let g(q) be the third derivative of q**5/20 + 11*q**4/24 - 3*q**3/2 + 17*q**2. Let r be g(-9). Let c = -59 + r. List the prime factors of c.
2, 19
Suppose 5*d + v = 37894, -5*d + 44969 - 7076 = 2*v. What are the prime factors of d?
11, 13, 53
Suppose 7*q - 577125 = -164*q. What are the prime factors of q?
3, 5
Let r(h) = 7*h**2 - h + 1185. Let y be (-2)/4*1*0/(-49). List the prime factors of r(y).
3, 5, 79
Let q(i) = -i**2 + i + 5. Suppose -4*u + 29 = -3*x, -u + 0*x + 11 = -2*x. Let l be q(u). Let o = l - -28. List the prime factors of o.
13
Suppose 4*n + 23 = -q + 2*q, -2*n = 5*q - 71. Let k(z) = 3*z**2 - 3*z + 18. Let v be k(-9). Suppose -19*a = -q*a - v. What are the prime factors of a?
2, 3
Let b(w) be the second derivative of -w**4/6 + 55*w**3/6 + 27*w**2 + 147*w. What are the prime factors of b(17)?
3, 137
Let t(a) = -3*a**2 + 5*a**2 - 16*a**2 + 25*a + 158 + 13*a**2. What are the prime factors of t(22)?
2, 7
Let k(t) = -3*t**2 + 9*t + 27. Let g be k(-2). Let n = -11 - -7. What are the prime factors of -4 + (g - -78) + n?
67
Let s be -1 - 13/(1/(-1)). Let i be (-8)/s + (-1896)/(-9). Let r = i + -100. What are the prime factors of r?
2, 5, 11
Let y be (6/4)/(16/32). Suppose -6 = -2*g - y*z + z, -g = 3*z - 1. Suppose 984 = 4*s + g*l, 9*l = -s + 4*l + 226. List the prime factors of s.
251
What are the prime factors of 5*26/1235 - 478872/(-38)?
2, 6301
Let b(n) = 34*n**2 - 19*n - 47. Suppose 2*g = -3*d - 9 - 2, -2*d + g - 5 = 0. List the prime factors of b(d).
2, 79
What are the prime factors of 37885 + 10 + (13 - 4)?
2, 23, 103
Suppose 1 = 5*u - 0*y + 3*y, 4*y = -5*u - 2. Let c be (-3)/(u/(64/(-6))). Suppose c*a - 14*a = 256. List the prime factors of a.
2
What are the prime factors of 4/(-14) - (-6360120)/1092?
2, 7, 13
Suppose 24*m - 42*m = -54. Suppose -10380 = -m*k - 17*k. What are the prime factors of k?
3, 173
Suppose -11 = 7*s - 6*s + 3*h, s = -5*h - 19. Let y be 8/(-3)*(-3)/s. List the prime factors of 7*y - 5/5.
5, 11
Let v(c) = -3*c - 26. Let o be v(-10). Suppose -o*p + n + 75 = 6*n, 6 = 2*n. List the prime factors of ((-15)/p)/((-2)/294).
3, 7
Let w = -94 - -697. Let i = 1186 - w. What are the prime factors of i?
11, 53
Let z(o) = 2*o**2 - 33*o - 15. Let s be z(17). Let i be (-4)/(-10) + s/(-5). Suppose 5*v = y + 712, 4*v + v - 2*y - 714 = i. List the prime factors of v.
2, 71
Let j = 0 + 0. Let t(x) = x**2 + 25. Let f be t(j). List the prime factors of (30/f)/(2/5).
3
Suppose -15809 = -5*v - 3*k - 6084, -2*v + 3*k = -3911. Suppose 13*p = 9*p + v. Suppose -3*l + p = -4*b - 327, -b = l - 262. What are the prime factors of l?
2, 7, 19
Suppose 0 = 2*s + s. Suppose s = -b - 4*b - 125. Let n = 10 - b. List the prime factors of n.
5, 7
Let s(r) = r**3 - r**2 + 2*r - 2. Let b(d) = 4*d**3 + 8*d**2 + 25*d - 11. Let q(c) = -b(c) + 3*s(c). What are the prime factors of q(-10)?
5, 19
Suppose 173*h - 150*h - 98762 = 0. List the prime factors of h.
2, 19, 11